) - 3?
13
What is the value of 5 + (3 - 3 - 3) + 36 + -37?
1
What is the value of 8 + (-19 - -44 - 11 - 12)?
10
What is (-1 - 0 - -2) + 6 + (-1 - -6)?
12
1 - 6 - (-634 + 634)
-5
Evaluate -2 + 11 + 2 + (-5 - 4) + -3.
-1
What is 7 - 0 - (11 - 12) - 9?
-1
9 + -5 + -32 + 19
-9
Calculate -74 + 80 + -3 + 5.
8
What is the value of 7 - (5 + 2 + 9 + -3)?
-6
What is the value of (-4 + 7 - 4) + (41 - 37)?
3
16 + -6 + -30 + 4 + 3
-13
What is -6 + 3 + 0 + (64 - (-2 - -31))?
32
What is the value of (5 - -1 - 2) + (-30 - -23)?
-3
What is the value of 1 + -2 - (-7 + 0)?
6
What is the value of 5 - (-77 + 60 - (3 - 9))?
16
Calculate 0 - (-5 + (-1 - -2 - 8)).
12
Calculate -8 + (0 - -1) + (45 - 33).
5
Calculate -1358 + 1354 + -17 + 0.
-21
-6 - -29 - 32 - -17
8
Calculate -19 + 15 + -9 + 0 + (-4 - -7).
-10
Calculate -25 + (38 - 4) - -12.
21
5 + 5 - (16 + (-9 - 1))
4
What is the value of -36 + (-11 - (8 + -4 - 27))?
-24
13 + (10 - 8 - (6 - -2))
7
What is the value of -16 - -8 - 6 - 12 - -8?
-18
(0 - -4) + (-8 - (12 + -13))
-3
(-10 - -24) + -4 - 16
-6
What is the value of 8 - -18 - (-32 + 33)?
25
Evaluate 0 + -5 + -11 + -2 + 10.
-8
What is the value of -18 + 20 - (8 - (-9 + 2 - 5))?
-18
What is the value of -5 - -22 - (8 - (-9 + 4))?
4
Calculate (3 - 8) + 4 + 4 - 4.
-1
Calculate 6 + -2 + -31 + (-17 - -25).
-19
What is 1 - -8 - (109 + -83)?
-17
Evaluate 35 + -16 - (-5 - -4).
20
-76 + 79 + 0 + 16 + -3
16
Calculate (-3 - ((-3 + 8 - 9) + 5)) + 0.
-4
14 + -3 + -401 + 413
23
(-5 - -5) + 0 + -2 + (-6 - -1)
-7
Evaluate -1 + (3 - -3) + -9 - (-3 - -7).
-8
What is (101 - 78) + -1 + -24?
-2
Calculate (-3 - -1) + 2 + (8 - -1 - 0).
9
Calculate -1 + 2 - (-5 - (-1 + 4 - 2)).
7
What is the value of (-22 + 8 - -19) + -1?
4
-3 + (-12 + (-2 - -2 - -6) - 0)
-9
What is the value of (-12 - 0) + 6 + -1 + -1 + 17?
9
What is the value of -3 + (6 - 2) - (1 - 4)?
4
-12 - (6 + -7 + -16)
5
(133 - 135) + 2 + -3
-3
What is -41 - (-48 + 23 + 1)?
-17
What is the value of -8 + (-8 - 8) - (-11 - (-9 - -5))?
-17
What is the value of -1 + -10 + 41 + (30 - 60)?
0
Evaluate -7 + 26 + -13 - 4.
2
Evaluate (0 - -35) + 45 + (-45 - 1).
34
Calculate -2 + -3 + (15 - -5) + -2.
13
7 + -1 + 2 + (-27 - -17)
-2
Evaluate -245 + 299 + (-27 - 1).
26
Calculate 2 + (-9 - (-23 - -37)).
-21
Calculate 18 - (18 + 0 + 15).
-15
What is the value of (2 - 0) + -6 + 35 + -31?
0
Evaluate 0 - (24 + -1) - (-927 + 912).
-8
-11 - (10 - 27) - 21 - -8
-7
What is the value of -79 + 71 + -6 + (1 - (3 + -3))?
-13
Evaluate 11 + 14 + (-8 - 4 - -20) + 2.
35
What is the value of 276 - 294 - (1 + -17)?
-2
Evaluate -18 - (-9 - (13 - 22) - -8).
-26
-18 + -3 + (-11 - -26)
-6
What is -2 + (11 + -8 - -6) - 14?
-7
Calculate 6 + 9 + -9 + -7 + 3 - 14.
-12
(-5 - -10) + (-14 - -3) - (-2 + -1)
-3
What is the value of 28 - ((57 - 2) + -10)?
-17
Calculate 16 + -7 + -4 + -6 + 0 + -3.
-4
Calculate 31 + (-16 - 3) + -19.
-7
What is the value of (0 + -1 - -5) + (865 - 863)?
6
-4 - (2 - (9 - (10 + -1)))
-6
-28 + 27 + -1 + -8
-10
What is 13 + -3 - -18 - (-11 + 18 + -16)?
37
Calculate -12 - (12 - ((14 - 5) + 9)).
-6
What is 68 - (42 + (32 - 40))?
34
What is the value of 3 + 9 + (3 + (-7 - -8) - 7)?
9
0 - -15 - (16 + -2) - -8
9
What is 31 - 23 - (6 - -3) - 7 - -36?
28
-1 + -12 - -3 - (-214 + 206)
-2
Calculate 1 + 1 - (-16 + (-3 - -6) - -6).
9
Evaluate 1 - 1 - (-23 + -6 + -1) - 9.
21
What is the value of (-19 + 8 - -17) + -7?
-1
What is the value of (3 - 3 - -2) + 7 + (3 - -2)?
14
Evaluate (-1 - 2) + -18 + (-2 - -9 - -2).
-12
Calculate (16 - -3 - 28) + 9.
0
What is -15 + 8 + (0 + -6 - -12)?
-1
(-12 - -11) + 12 + -5 + (-1 - 0)
5
What is the value of 0 + -16 + 16 + 10?
10
What is the value of (3 - 0) + (-11 - (-29 + 18)) + 12?
15
Calculate 4 + 0 + 1 - (40 + (4 - 26)).
-13
1 + -2 + 14 + -34
-21
What is the value of 25 + (-67 - -34) - (-35 + -2 - 0)?
29
(21 + -37 - 2) + 12
-6
What is 9 + (-27 - 5) + 5 + 4 - -1?
-13
What is -74 + 70 + (8 - 6 - 1)?
-3
What is (0 - 1) + (-15 - -5) + 3 + -7?
-15
21 + -58 + 30 + -19
-26
22 - (63 + (-8 - 18))
-15
(31 - 1) + -795 + 776
11
(-14 - (-1 - 0) - -11) + (0 - -14)
12
What is 1 + (8 - -1) + 377 + -384?
3
Evaluate 0 - (-12 + 28 + -1).
-15
Calculate -2 - (-2 - 4 - (-2 + (-10 - -19))).
11
13 + (-8 - -12 - (2 - 7))
22
What is 48 - (10 - -39) - (-1 + -4)?
4
Evaluate 2 - ((-2 - 3) + 1 + -6 - -5).
7
What is the value of (-5 - (-13 - -3) - -1) + 2 + -6?
2
Evaluate 4 + (-3 - 4) - 4 - -7.
0
-35 + (22 - 2) + 8
-7
Calculate (-5 - -9) + (4 - 7) + (2 - -2).
5
Evaluate 1 + 3 + (-13 + 3 - -12).
6
What is 8 + (-18 - -4 - 0)?
-6
Evaluate 1 - (-2 + -3) - (-9 + -22 + 29).
8
16 + -4 + 0 + (-13 - (-19 + 11))
7
Evaluate 1 + 5 - 9 - 6 - -1.
-8
(-5 + -13 - -6) + (6 - -1) - -19
14
11 + -3 - (27 + 5 + 8 + -12)
-20
What is the value of (-1 - -3) + -130 + 154?
26
Calculate 20 - (-8 + 31) - -24.
21
Calculate 2 + -19 + 4 + -14 + 2 + 5.
-20
Evaluate 13 - (-4 + (-3 - -10) - -1).
9
What is the value of (13 - -1) + (-16 - -8) - 2?
4
Calculate (-5 - -1) + -22 + 22.
-4
1 + -19 + (25 - (-7 + (-20 - -48)))
-14
Evaluate -16 + (13 - 16) + 13.
-6
What is the value of (8 + -14 - -4) + 34 - 9?
23
What is -7 - -1 - (-4 + (-5 + -3 - -9))?
-3
-1 + -9 - (7 - (-33 + 32))
-18
Calculate -5 - -10 - (12 + 0).
-7
Evaluate (-15 - -9) + 14 + -1 + -2 + -10.
-5
Evaluate 4 + -34 + 2 + 42.
14
What is the value of (1 - -2) + 13 + -16?
0
What is the value of -26 + (-8 + 10 - (-8 + 1)) + -3?
-20
What is 16 + -27 + 29 + 5 + 1 + -6?
18
What is -2 + 7 + (-26 - -22)?
1
(-19 - -24) + (2 - 4) + 18 + 1
22
Evaluate (-7 - -16) + (-3 - (-2 - 3)) + 0.
11
Evaluate -362 - -378 - (-2 + 0 + 4).
14
Evaluate -4 + (-8 - -6) + 1 + 14.
9
Calculate -4 + (2 - (9 - 7)) + (-9 - 2).
-15
What is 33 - (28 + -12 - -20)?
-3
Evaluate (-5 - 1) + -54 + 45.
-15
Evaluate (-16 - 0) + (-1 - -5) - (22 - 14).
-20
(-25 - -2) + 12 - -5 - (-3 + -2)
-1
(19 - 2) + (-31 - -10)
-4
What is 25 + 0 + (-728 - -695)?
-8
What is the value of 32 - (55 - (-4 - -19))?
-8
What is 16 - (-8 + (43 - 7) + -7)?
-5
1 + -1 - (10 + 11 + (11 - 21))
-11
What is the value of 5 + 8 - (20 - 7)?
0
Evaluate (-5 - (8 + -9)) + -2 - -9.
3
What is the value of 2 + (-22 - (-1 + 2)) + 53 + -61?
-29
What is (-5 - -10) + (12 + -8 - 16) + 6?
-1
What is the value of 40 + (30 - 46 - 40)?
-16
Evaluate 0 - -1 - (-714 - -698).
17
What is the value of 4 - (-7 + 11 + -4 - -10)?
-6
What is the value of -16 + 5 + 13 + (11 - 2)?
11
Calculate -21 + 3 - (8 + -27).
1
-3 + -1 + 11 - (6 + -9)
10
What is the value of (-22 - -36) + -48 - -6?
-28
Calculate 3 + -1 - 12 - (5 + -12 + 8).
-11
Evaluate -11 + (8 - 13 - -12).
-4
What is -9 - (0 - (8 + 0 - (120 - 111)))?
-10
Evaluate -1 - (8 + 1 + (5 - 12)).
-3
What is 16 + (39 - 16 - 35)?
4
What is the value of -1 - (0 + (3 + (-1 - 5) - 6))?
8
Evaluate (-7 - 0) + (5 - (25 - 26)).
-1
Evaluate 10 + -36 + (-23 - -37).
-12
What is the value of 3 - (9 + 2 - 13)?
5
Calculate (36 - -13 - 45) + (-1 - 20).
-17
Evaluate -8 + -3 + 3 - (-2 - -10 - 36).
20
Calculate -4 + 2 - 2 - -3 - (-2 - -6).
-5
Evaluate -2 + 14 + -8 + (-5 - -20).
19
Calculate 18 + -9 - (21 - (3 - 2)).
-11
Evaluate -48 - (-49 - -9) - (2 - (2 - -29)).
21
Evaluate (-9 - -3) + (14 - 10 - 10).
-12
What is the value of -28 + (-10 - -14) - -3?
-21
Calculate 453 - 428 - (29 - 2).
-2
What is 22 + (-13 - -6) + -20?
-5
Evaluate (-28 - -24) + 4 - 21.
-21
Evaluate 144 - 145 - (-3 - (-2 - -3)) - 2.
1
-3 - (0 - (-1 + 1)) - (-4 + 10)
-9
What is the value of -4 + (4 - 1) - -4 - (5 - 5)?
3
Evaluate 0 - -23 - (49 - (56 - 9)).
21
Calculate 4 + -19 + 51 + -35.
1
What is 1 - -5 - (6 + (-7 - 1))?
8
What is the value of 25 + -5 - (8 + -34 + 16)?
30
Calculate -10 + 0 - ((48 - 77) + 0 + 8).
11
What is the value of -13 - (36 + -35 + (0 - 2))?
-12
What is the value of (-10 - (-14 - -14)) + 8?
-2
What is -11 - (1 - 8) - -6?
2
Evaluate -14 - (5 + (11 - (13 + 50))).
33
(24 - 8) + -14 - ((0 - -1) + 0)
1
What is the value of (3 - 4) + 11 - 44 - -5 - -1?
-28
Evaluate -28 + (1 - -1) + 1 + 4 - -4.
-17
What is the value of 7 + 1 - (-2 - -6)?
4
Calculate -2007 + 1995 + 16 + 1.
5
What is (2 - 5) + 2 + -3 - (-11 - 18)?
25
What is the value of 33 + -12 + -34 + 7?
-6
Calculate -30 - -17 - -21 - (39 - 1) - -6.
-24
Evaluate 343 + -321 - (-7 - 0).
29
Evaluate 27 + (-47 - (49 + -44)).
-25
What is -5 + (0 - (-2 - 4 - -1) - -12)?
12
What 